nder when f is divided by z.
24
Calculate the remainder when -3*((-2)/(-9))/(26/(-18642)) is divided by 82.
68
Suppose 0 = -2*w + 5 + 1. Let j = 97 + -1. Suppose j - 300 = -w*m. What is the remainder when m is divided by 23?
22
Suppose 2*z + 78 = 4*z. Suppose 451 = 3*c - 4*v, -6*c - 5*v = -10*c + 602. What is the remainder when c is divided by z?
36
What is the remainder when ((-3)/(-2) + 0)/(52/8216) is divided by 14?
13
Let r = -330 - -430. What is the remainder when 284 is divided by r?
84
Let f(q) = q**3 - q**2 + 4*q - 9. Calculate the remainder when f(4) is divided by 20.
15
Let g be (-1532)/(-13) + (-4)/(-26). Let f be 2/(-4) - g/4. Let j = 49 + f. What is the remainder when 37 is divided by j?
18
Suppose 4*r = 5*x - 97, 0*x - 2*x - r = -44. Let n = 75 + -65. Let v = x - n. What is the remainder when 30 is divided by v?
8
Suppose -30*q = -26*q - 184. Let c = q - 31. Suppose -3*z + 136 = 5*j, 0 = 3*z + j - 119 - 9. What is the remainder when z is divided by c?
12
Let c(k) = k + 16. Let l be c(-10). Suppose -3*p = -l - 30. Suppose q - p = -0*x - 4*x, 3*q + 5*x - 36 = 0. What is the remainder when 45 is divided by q?
9
Let m(y) = -y - 4. Let l be m(-6). Suppose -147 = -c - l*c. Calculate the remainder when c is divided by -7 + (-8)/(-4)*10.
10
Let t = 400 + -278. What is the remainder when t is divided by 47?
28
Suppose 395 = g - 0*f - 4*f, -5*f - 1192 = -3*g. Calculate the remainder when g is divided by 67.
64
Let g(k) = k - 10. Let j be g(6). Let c be (j/(-8))/(1/6). Suppose c*l + 15 = 8*l. What is the remainder when 3 is divided by l?
0
Suppose 3*x - 3 = 0, -18*g + 13*g - 3*x = -298. Let b(m) = m**3 + 8*m**2 - 9. Let q be b(-8). Let l = q + 24. What is the remainder when g is divided by l?
14
Suppose 2*a + 1 + 37 = 5*m, -2 = m + 2*a. Let l be -6 - (5 + -21) - (4 + -2). Calculate the remainder when 470/m + l/(-24) is divided by 27.
24
Let c be (1 + -13)/(1/(-3)). Suppose -3*p - 3 = -c. What is the remainder when p is divided by 6?
5
Let d = 17 + 3. Suppose -w + 2*g + 51 = 0, w - g - 20 - 31 = 0. What is the remainder when w is divided by d?
11
Suppose -4*b = -4, 3*k + 5*b = 7*k - 71. Suppose 2*l = -l - 42. Let c(j) = j**3 + 14*j**2 - 2*j + 25. Calculate the remainder when c(l) is divided by k.
15
Suppose -3*s + 47 = 5*q, -2*q + 1 = 2*s - 33. Calculate the remainder when 207 is divided by s.
17
Let f(g) = 3*g**2 + 18*g - 16. Suppose -2*m - d = m - 30, m - 10 = -5*d. Calculate the remainder when m is divided by f(-7).
0
Let i(c) = c**3 - 7*c**2 - 3*c + 51. What is the remainder when 209 is divided by i(7)?
29
Let p be ((-35)/(-15))/(1/42). Suppose 64 + p = 6*f. Suppose -2 = -0*b + 2*b, 2*n - f = -3*b. What is the remainder when n is divided by 6?
3
Let d(a) = -a + 17 + 8 + 0*a - 23. Let z be d(3). What is the remainder when 90 is divided by z + (23 - 2/(-2))?
21
Let w(f) = -f - 18. What is the remainder when 45 is divided by w(-34)?
13
Let u = -19 - -32. Suppose -2*o + o = -5. What is the remainder when u is divided by o?
3
Suppose 5*a - y - 113 = -38, -y = 0. What is the remainder when 613 is divided by a?
13
Let t(k) = -2*k + 2. Let z = -45 - -36. What is the remainder when 79 is divided by t(z)?
19
Let w(s) = 25*s + 48. Calculate the remainder when w(6) is divided by 8.
6
Suppose -2*k - 5*u + 274 = -0*k, 743 = 5*k - 2*u. Suppose -36*i + 39*i - k = 0. What is the remainder when i is divided by 14?
7
Suppose 4*c - 5*u = 1569, 0 = 4*c - 9*c + 4*u + 1959. What is the remainder when c is divided by 98?
97
Let h(z) = -z**3 - 8*z**2 + 4. Let x be h(-8). Suppose -i = 5*v - 80, -v + x*i = 2*i - 16. Calculate the remainder when 141 is divided by v.
13
Let i(y) = 16*y**2 - 5*y - 2. Suppose -3*x - 14 = 5*l - 110, -3*l - x + 56 = 0. What is the remainder when i(2) is divided by l?
16
Let r = 100 + -38. Let n be r/22 - (-10)/55. Suppose -3*t + n*m + 63 = 0, 59 = -0*t + 3*t - 5*m. What is the remainder when t is divided by 4?
3
Let a(b) = -b**2 - 7*b - 4. Let k(z) = z**3 - 8*z**2 + 7*z - 3. Let m be k(7). Calculate the remainder when a(m) is divided by 6.
2
Let w = 632 - 597. Calculate the remainder when 97 is divided by w.
27
Let h = 67 + -39. Suppose 16*l = 2604 + 68. Calculate the remainder when l is divided by h.
27
Let s(h) = h**2 + 18*h - 31. Let d be s(-17). Let c = d - -66. Calculate the remainder when c is divided by 2.
0
Suppose -4*p + 70 = 10. Let j(b) = -b**2 + 14*b - 12. What is the remainder when j(10) is divided by p?
13
Calculate the remainder when 205 is divided by 1840/200*(6/4 - -1).
21
Let p be (-1)/1 + 2 - -9. Let z(s) = s + s + 0 + p*s - 3. What is the remainder when z(1) is divided by 2?
1
Suppose -5*q = 2*v + 25, 5*q - v = 3*v + 5. Let w be 505 - (-3)/9*q. Calculate the remainder when 23 is divided by w/81 + (-4)/18.
5
Suppose 4*x + 0 + 6 = 2*v, 0 = 3*v + 3*x. Calculate the remainder when 1/(6/399) - v/(-2) is divided by 10.
7
Suppose i - 19 = -2*h, -i - h + 2*h = -13. Let m be 2/(-4)*3*-2. Suppose 4*z = z - i, -m*o + 41 = 5*z. What is the remainder when 62 is divided by o?
18
Let i(f) = f**3 - 15*f**2 + 54*f - 92. What is the remainder when 104 is divided by i(11)?
14
Let z(m) = -13*m**3 + 12*m**2 + 3*m - 4. Let y(g) = 6*g**3 - 6*g**2 - 2*g + 2. Let l(c) = -7*y(c) - 4*z(c). What is the remainder when l(2) is divided by 9?
8
Let x(b) = b + 66. Calculate the remainder when x(19) is divided by 22.
19
Let d(g) = 6 + g - 31 + 9 + 11. Calculate the remainder when 30 is divided by d(13).
6
Let n(v) = v**3 - v**2 + 2 + 1 + v - 5*v**2. Suppose 0 = 5*w + 2*t - 81, 4*w - 45 = t + 4*t. Calculate the remainder when w is divided by n(6).
6
Let r(k) = -k**2 - k + 23. Suppose -3*z = -0*z. Let n(p) = 2*p**3 + 14*p**2 + 8*p - 18. Calculate the remainder when r(z) is divided by n(-6).
5
Suppose 0 = 4*d - 16, 3*v + 2*d - 772 = v. Suppose -3*a - 157 = -v. What is the remainder when a is divided by 19?
18
Let y = -389 - -568. Calculate the remainder when y is divided by 28.
11
Suppose m - 4 + 2 = 0. Suppose -f = 4*g + m*f - 83, g - f - 26 = 0. Calculate the remainder when 45 is divided by g.
22
Let j = -62 - -91. Let b = j + -5. Calculate the remainder when 92 is divided by b.
20
Suppose 0 = -2*q - i + 49, 0 = -5*q - 4*i + 95 + 35. Calculate the remainder when 483 is divided by q.
21
Let p(d) = d**2 - 20*d - 79. Calculate the remainder when p(-6) is divided by 30.
17
Let m be 7 - -1 - (-11 + 15). Suppose -m*z + w + 211 = 0, -5*z - 2*w + 290 = 2*w. Calculate the remainder when z is divided by 28.
26
Suppose 4*h = 5*d + 332, d + 62 = 3*h - 198. What is the remainder when h is divided by 10/((-3)/9 + 1)?
13
Suppose -4*f - 3 = -3*a, -3*f - a + 24 = 2*a. Let s be 279/63 + f/(-7). Let p = s + 4. Calculate the remainder when p is divided by 5.
3
Let b = -4 + 18. What is the remainder when (78/(-15))/(4/(-20)*1) is divided by b?
12
Suppose 0 = -4*b + 76. Suppose -4*d = -2*z + 138, 2*z - 5*d + 147 = 4*z. Calculate the remainder when z is divided by b.
14
Suppose 2*n + 73 = 3*n. Let z = 41 - 14. Let k = 46 - z. Calculate the remainder when n is divided by k.
16
Let f(h) = h + 14. Let i = 24 + -12. Suppose 0 = 3*k - 5*k + i. What is the remainder when k is divided by f(-10)?
2
Let z = 310 - 162. Let u = -87 + z. What is the remainder when u is divided by 17?
10
Let f(s) be the first derivative of s**2/2 + 8*s - 28. Let m = 15 - -19. Calculate the remainder when m is divided by f(10).
16
Let f(u) = -u**2 - u + 135. Let x be f(0). Suppose -3*v = 2*v + 5*n - x, 0 = -2*n + 10. Suppose m = v - 2. What is the remainder when 39 is divided by m?
19
Suppose 165 = 4*o + 125. What is the remainder when 227 is divided by o?
7
Suppose -256 = -16*q - 16. Calculate the remainder when 208 is divided by q.
13
Suppose -5*q + 30 = 5. Suppose 27 = q*l + 2. Suppose 0 = -l*a + a + 12. What is the remainder when a is divided by 1?
0
Let q = -942 + 998. What is the remainder when q is divided by 10?
6
Suppose 0 = 5*l + 5, 158 = -5*v + l - 46. Let p = 60 + v. Calculate the remainder when 55 is divided by p.
17
Let d = 206 - 179. What is the remainder when d is divided by 6?
3
Suppose 4*a - 5*f = -21, -5*a - 6 = -4*f + 9. Suppose -86 = -3*g + a. What is the remainder when 54 is divided by g?
25
Suppose w + 0*w = 65. Suppose -5*r = -y + 3, 76*r = -3*y + 78*r + 48. Calculate the rem